{"id":3324,"date":"2023-03-29T17:38:50","date_gmt":"2023-03-29T17:38:50","guid":{"rendered":"http:\/\/skstudenec.cz\/?page_id=3324"},"modified":"2023-04-26T08:44:11","modified_gmt":"2023-04-26T08:44:11","slug":"kontakty-starsi-pripravka","status":"publish","type":"page","link":"http:\/\/skstudenec.cz\/index.php\/kontakty-starsi-pripravka\/","title":{"rendered":"Kontakty Star\u0161\u00ed p\u0159\u00edpravka"},"content":{"rendered":"\n<h3 class=\"wp-block-heading\"><strong>Star\u0161\u00ed p\u0159\u00edpravka<\/strong><\/h3>\n\n\n\n<p>Realiza\u010dn\u00ed t\u00fdm:<\/p>\n\n\n\n<table class=\"wp-block-table is-style-stripes\"><tbody><tr><td><strong>Funkce <\/strong><\/td><td><strong>P\u0159\u00edjmen\u00ed a jm\u00e9no<\/strong><\/td><td><strong>Kontakt<\/strong><\/td><\/tr><tr><td>Tren\u00e9r <\/td><td>HU\u0158\u0164\u00c1K Petr <\/td><td>737 817 124 <\/td><\/tr><tr><td>Tren\u00e9r<\/td><td>BRO\u017d Lubo\u0161<\/td><td>737 367 897 <\/td><\/tr><\/tbody><\/table>\n","protected":false},"excerpt":{"rendered":"<p>Star\u0161\u00ed p\u0159\u00edpravka Realiza\u010dn\u00ed t\u00fdm: Funkce P\u0159\u00edjmen\u00ed a jm\u00e9no Kontakt Tren\u00e9r HU\u0158\u0164\u00c1K Petr 737 817 124 Tren\u00e9r BRO\u017d Lubo\u0161 737 367 897<span class=\"more-link\"><a href=\"http:\/\/skstudenec.cz\/index.php\/kontakty-starsi-pripravka\/\">V\u00cdCE<\/a><\/span><\/p>\n","protected":false},"author":1,"featured_media":0,"parent":0,"menu_order":0,"comment_status":"closed","ping_status":"closed","template":"","meta":{"footnotes":""},"_links":{"self":[{"href":"http:\/\/skstudenec.cz\/index.php\/wp-json\/wp\/v2\/pages\/3324"}],"collection":[{"href":"http:\/\/skstudenec.cz\/index.php\/wp-json\/wp\/v2\/pages"}],"about":[{"href":"http:\/\/skstudenec.cz\/index.php\/wp-json\/wp\/v2\/types\/page"}],"author":[{"embeddable":true,"href":"http:\/\/skstudenec.cz\/index.php\/wp-json\/wp\/v2\/users\/1"}],"replies":[{"embeddable":true,"href":"http:\/\/skstudenec.cz\/index.php\/wp-json\/wp\/v2\/comments?post=3324"}],"version-history":[{"count":4,"href":"http:\/\/skstudenec.cz\/index.php\/wp-json\/wp\/v2\/pages\/3324\/revisions"}],"predecessor-version":[{"id":3394,"href":"http:\/\/skstudenec.cz\/index.php\/wp-json\/wp\/v2\/pages\/3324\/revisions\/3394"}],"wp:attachment":[{"href":"http:\/\/skstudenec.cz\/index.php\/wp-json\/wp\/v2\/media?parent=3324"}],"curies":[{"name":"wp","href":"https:\/\/api.w.org\/{rel}","templated":true}]}}